r when 32229328 is divided by 501.
499
Calculate the remainder when 9433805 is divided by 2630.
2625
What is the remainder when 53795248 is divided by 19?
16
What is the remainder when 3244158 is divided by 1622045?
68
What is the remainder when 68158167 is divided by 104?
103
What is the remainder when 7505526 is divided by 35?
21
Calculate the remainder when 548191 is divided by 13.
7
Calculate the remainder when 41547226 is divided by 1415.
1411
Calculate the remainder when 3313660 is divided by 230.
50
Calculate the remainder when 20533557 is divided by 27269.
0
What is the remainder when 922345 is divided by 1621?
1617
What is the remainder when 45445168 is divided by 77?
76
What is the remainder when 3487357 is divided by 56?
13
Calculate the remainder when 112518 is divided by 521.
503
Calculate the remainder when 24644671 is divided by 3118.
3117
What is the remainder when 2525494 is divided by 315683?
30
What is the remainder when 131043 is divided by 77?
66
Calculate the remainder when 286540 is divided by 281541.
4999
What is the remainder when 305555 is divided by 101845?
20
Calculate the remainder when 96385 is divided by 30711.
4252
What is the remainder when 3207679 is divided by 128?
127
What is the remainder when 183770 is divided by 60821?
1307
Calculate the remainder when 13827859 is divided by 864237.
67
What is the remainder when 488248561 is divided by 67?
64
Calculate the remainder when 449507 is divided by 54569.
12955
What is the remainder when 38529881 is divided by 19264938?
5
Calculate the remainder when 73565 is divided by 36563.
439
What is the remainder when 5306538 is divided by 710?
708
Calculate the remainder when 508269172 is divided by 21.
19
What is the remainder when 1671780 is divided by 219?
153
What is the remainder when 46158330 is divided by 207?
21
What is the remainder when 2352642 is divided by 4613?
12
What is the remainder when 125681 is divided by 9379?
3754
Calculate the remainder when 821650 is divided by 1962.
1534
What is the remainder when 416626 is divided by 10161?
25
What is the remainder when 8686745 is divided by 2895571?
32
Calculate the remainder when 64956226 is divided by 1618.
1616
Calculate the remainder when 726890 is divided by 13459.
104
Calculate the remainder when 3985257 is divided by 127.
124
Calculate the remainder when 2055414 is divided by 2399.
1870
Calculate the remainder when 213442 is divided by 4852.
4806
Calculate the remainder when 621523 is divided by 3234.
595
Calculate the remainder when 1698014 is divided by 6556.
10
What is the remainder when 2114789 is divided by 15665?
14
What is the remainder when 12863 is divided by 327?
110
What is the remainder when 774488 is divided by 677?
0
What is the remainder when 9340819 is divided by 2795?
2724
What is the remainder when 21031201 is divided by 2318?
2305
What is the remainder when 217713037 is divided by 2748?
2737
Calculate the remainder when 107960 is divided by 2635.
2560
Calculate the remainder when 56384 is divided by 8031.
167
Calculate the remainder when 66265 is divided by 978.
739
Calculate the remainder when 7394650 is divided by 823.
818
What is the remainder when 46158551 is divided by 11539634?
15
Calculate the remainder when 80722093 is divided by 2126.
2125
What is the remainder when 485681 is divided by 1513?
8
Calculate the remainder when 25930287 is divided by 152.
151
Calculate the remainder when 14120015 is divided by 48.
47
Calculate the remainder when 704946 is divided by 160.
146
Calculate the remainder when 53152581 is divided by 1707.
15
What is the remainder when 606927 is divided by 102?
27
What is the remainder when 294051 is divided by 1578?
543
Calculate the remainder when 11730574 is divided by 20.
14
Calculate the remainder when 16133015 is divided by 268883.
35
What is the remainder when 3350717 is divided by 3638?
119
Calculate the remainder when 194348 is divided by 854.
490
Calculate the remainder when 24535 is divided by 23779.
756
What is the remainder when 10465235 is divided by 22950?
35
What is the remainder when 451716 is divided by 1373?
1372
Calculate the remainder when 1690475 is divided by 3854.
2423
What is the remainder when 41297 is divided by 2046?
377
What is the remainder when 72433 is divided by 71999?
434
Calculate the remainder when 11000 is divided by 10997.
3
Calculate the remainder when 310292 is divided by 103421.
29
Calculate the remainder when 27389165 is divided by 492.
17
Calculate the remainder when 8709884 is divided by 4354858.
168
Calculate the remainder when 274717 is divided by 90722.
2551
Calculate the remainder when 1775038 is divided by 160.
158
Calculate the remainder when 160292 is divided by 175.
167
What is the remainder when 5174197 is divided by 73917?
7
What is the remainder when 284821 is divided by 2792?
37
What is the remainder when 881390 is divided by 88135?
40
What is the remainder when 20408653 is divided by 817?
810
What is the remainder when 1362730 is divided by 4080?
10
Calculate the remainder when 4157 is divided by 3769.
388
What is the remainder when 49772 is divided by 2148?
368
What is the remainder when 5213810 is divided by 2606867?
76
Calculate the remainder when 1154074 is divided by 7369.
4510
What is the remainder when 4912267 is divided by 55?
52
Calculate the remainder when 292015 is divided by 32.
15
What is the remainder when 15692973 is divided by 7846482?
9
What is the remainder when 3500344 is divided by 875081?
20
What is the remainder when 5906403 is divided by 34?
25
What is the remainder when 669303 is divided by 33456?
183
Calculate the remainder when 3487635 is divided by 3162.
3111
What is the remainder when 477060829 is divided by 838?
837
What is the remainder when 119487 is divided by 4120?
7
What is the remainder when 79604 is divided by 683?
376
Calculate the remainder when 7871233 is divided by 2143.
2137
What is the remainder when 39857218 is divided by 19928587?
44
Calculate the remainder when 1462684 is divided by 115.
114
What is the remainder when 154367 is divided by 189?
143
Calculate the remainder when 185614757 is divided by 40.
37
What is the remainder when 389735 is divided by 1597?
67
Calculate the remainder when 304675227 is divided by 13.
12
Calculate the remainder when 294679 is divided by 2183.
2157
What is the remainder when 3179391 is divided by 116?
63
What is the remainder when 7005954 is divided by 935?
934
Calculate the remainder when 32884933 is divided by 131.
3
What is the remainder when 160178 is divided by 9274?
2520
Calculate the remainder when 1209518 is divided by 33597.
26
What is the remainder when 9856463 is divided by 51?
50
Calculate the remainder when 8247366 is divided by 348.
114
What is the remainder when 19869 is divided by 2183?
222
Calculate the remainder when 28512263 is divided by 5702445.
38
Calculate the remainder when 136124 is divided by 1027.
560
Calculate the remainder when 66244 is divided by 1024.
708
What is the remainder when 1619832 is divided by 15?
12
Calculate the remainder when 367642937 is divided by 614.
613
Calculate the remainder when 14072 is divided by 13977.
95
Calculate the remainder when 4742873 is divided by 1997.
1995
What is the remainder when 86065 is divided by 38222?
9621
What is the remainder when 130519 is divided by 2212?
11
Calculate the remainder when 5866561 is divided by 22.
19
Calculate the remainder when 762737415 is divided by 4187.
4186
What is the remainder when 8594102 is divided by 386?
198
What is the remainder when 578696 is divided by 185?
16
Calculate the remainder when 124986 is divided by 61537.
1912
What is the remainder when 3593919 is divided by 211406?
17
What is the remainder when 5496910 is divided by 72?
70
Calculate the remainder when 221365 is divided by 222.
31
Calculate the remainder when 97129006 is divided by 1929.
1927
What is the remainder when 14627907 is divided by 232189?
0
What is the remainder when 1410432 is divided by 110?
12
What is the remainder when 7921519 is divided by 2402?
2125
Calculate the remainder when 38875652 is divided by 65.
62
Calculate the remainder when 1998418 is divided by 19.
17
Calculate the remainder when 1594460 is divided by 2614.
2534
What is the r